- 3*r + 6, -5*z + 7 = 2*r - 10. Determine t(z).
11
Suppose -5*y - 25 = 5*t, 2*y - 1 - 4 = t. Suppose 2*v - v + 0*v = y. Let s(d) = -d + 8. Calculate s(v).
8
Let x(p) = -4*p - 2*p + 0*p + 4*p - 2*p + p**2 - 9. What is x(9)?
36
Let f(p) be the third derivative of -3*p**5/20 + p**4/8 - p**3/6 + p**2 - 2. Determine f(2).
-31
Let o(l) = 16*l + 2. Let s(j) = -92*j - 12. Let k(p) = 34*o(p) + 6*s(p). Calculate k(-2).
12
Suppose -k = 3*r + 3*k + 53, -5*r + 4*k = 67. Let y = r + 14. Let z(m) = m**2 - 2*m - 1. Calculate z(y).
2
Let b = 2 + -5. Let o(v) = v**3 + 6*v**2 - v + 3. Let g = -15 - -12. Let q(k) = 3*k**3 + 17*k**2 - 2*k + 9. Let m(p) = g*q(p) + 8*o(p). What is m(b)?
3
Let m(n) be the second derivative of 4*n**3 - n**2/2 + 159*n. Determine m(-1).
-25
Let c(q) be the first derivative of q**6/120 - q**5/12 - q**4/3 + q**3 + 6*q**2 - 8. Let u(o) be the second derivative of c(o). Calculate u(6).
-6
Let u(f) = -f**3 + 11*f**2 - 6*f - 35. Let j(l) = -l**3 + l**2 - l. Let v(y) = 2*j(y) - u(y). Give v(-9).
-1
Let a(c) be the second derivative of -c**5/10 + c**4/4 - 3*c**2/2 + 9*c + 12. Give a(2).
-7
Let m(f) be the second derivative of -f**4/12 - f**3 - 9*f**2/2 - 2*f + 5. What is m(-6)?
-9
Let l = -6 + 10. Let d(q) = -2*q**2 - 10*q**2 + q + 1 - 5*q + 25*q**2 - 12*q**2. Determine d(l).
1
Let z(p) = -7*p + 1. Let m(o) = 7*o - 1. Let t(k) = -2*m(k) - 3*z(k). Let b = -5 + 15. Let j = b + -9. Give t(j).
6
Let y = 25 - 2. Let u = -20 + y. Suppose -3*x = -18 + u. Let q(j) = -2*j - 6. Determine q(x).
-16
Let p(f) = -f - 1. Let b(h) = h + 2. Let x(v) = b(v) + 2*p(v). Let d(o) = -3*o - 58. Let t be d(-17). Determine x(t).
7
Let b = 304 + -306. Let j(c) = 6*c**3 + 3*c**2 + 2*c + 2. What is j(b)?
-38
Suppose -2*j + 8 = -2. Suppose -4*i - 24 = -5*n - 3*i, j*i + 20 = 0. Let r(s) = 5*s + 8. Let m(k) = 4*k + 7. Let f(p) = 6*m(p) - 5*r(p). Determine f(n).
-2
Let a(f) = f**2 - 6*f + 1. Let d = -382 + 388. Determine a(d).
1
Let i(s) be the third derivative of -2*s**5/15 + s**4/12 + s**3/3 - 111*s**2. Give i(-1).
-8
Let c be (15/(-10))/(2/(-12)). Let x(b) = -b + 0*b + c - 9. Suppose -h - 1 = -z, 7 = 3*h + 3*z + 16. What is x(h)?
2
Suppose -2*w + b + 4 = -b, 45 = 5*w + 2*b. Let g(x) = 2*x**2 - x + 1. Let d(q) = -211 - 7*q + q**3 + 203 - 12*q**2 + 18*q. Let u(z) = -d(z) - 2*g(z). Give u(w).
-8
Let b(s) be the second derivative of s**5/20 - 3*s**4/2 + s**3/6 - 21*s**2/2 - 44*s + 2. Give b(18).
-3
Let q(x) = 40 - x**2 - 34 + 11 - x. Let p be (-4)/(-24) - (-3)/(-18). What is q(p)?
17
Let b(c) = 3*c**2 - 6*c - 11. Let o(v) = 4*v**2 - 7*v - 13. Let n(w) = 5*b(w) - 4*o(w). Calculate n(-3).
-6
Let k(m) = m - 2. Let x(z) = z - 3. Let v(g) = -4*k(g) + 3*x(g). Let y(l) = 4*l + 10. Let q(j) = -8*v(j) - y(j). Calculate q(-4).
-18
Let y(f) = 4*f - 9. Suppose -19 = m - 14. Let s(i) = -7*i + 19. Let u(n) = m*y(n) - 3*s(n). What is u(10)?
-2
Let r = 3 - 1. Suppose -4*g - 10 - r = 0. Let d(c) = -114 + c + 118 + 2*c. Give d(g).
-5
Suppose 0 = -2023*o + 2034*o + 33. Let p(n) = n**3 + 2*n**2 - 3*n. Give p(o).
0
Suppose 5*d = 15*d + 30. Let z(w) = -9*w**3 - 7*w**2 + 2. Let c(j) = -4*j**3 - 4*j**2 + 1. Let o(y) = d*z(y) + 5*c(y). Determine o(-1).
-7
Let h = 16 + -12. Let s(o) = 10 - 3*o - h*o + 35*o**2 - 34*o**2 - 2*o. Determine s(7).
-4
Let n be 154/7*1/(-2). Let t = 12 + n. Let u be -9 - -6 - 3/t. Let h(v) = v + 3. What is h(u)?
-3
Let n(z) = z**3 - z**2 + z - 20. Let b(v) = -4*v**2 + 13*v + 1. Let t be b(3). Suppose 5*u + 5 = t*f - 0, 0 = -4*f + 3*u + 3. Give n(f).
-20
Let d(o) = -3*o - 2. Let u(a) = a - 9. Let t = 3 - -1. Suppose -m = -t - 3. Let s be u(m). Calculate d(s).
4
Let n(o) be the third derivative of o**6/120 + o**5/15 - 2*o**3/3 + 105*o**2. Calculate n(-3).
5
Let g(r) = -100 + 52 - 3*r + 44 + 4*r. Let b(d) = 6*d - 3. Let p be b(1). Calculate g(p).
-1
Let x(c) = 916*c**3 - 14 - c - 917*c**3 + 17 - 5*c**2. Let k be (-2 - -1 - -2) + 0. Let v be (-1 + (-2)/1)*k. What is x(v)?
-12
Suppose -f + 12*f - 66 = 0. Let p(w) be the first derivative of w**4/4 - 2*w**3 + w**2/2 - 7*w + 3. Calculate p(f).
-1
Suppose w + 0*u - 5*u = 12, w - 6 = 2*u. Suppose -3*i + w*i = -3*y - 1, -4*y = i + 6. Let n(m) = -2*m**2 - 4*m - 3. Calculate n(i).
-3
Let y(s) be the first derivative of -s**2/2 + 13*s + 1. What is y(7)?
6
Let c be (2 - 1)*(11 - 7). Let m be c/(-8) - 82/(-4). Let d = m - 19. Let r(n) = -2*n**2. What is r(d)?
-2
Let l(a) = a**3 - 4*a**2 - 2. Let v = -3 - 5. Let h = v + -2. Let s = 14 + h. What is l(s)?
-2
Let y(h) = 3*h - 6. Let b = 7 + -5. Suppose -b*x + 1 + 7 = 0. Give y(x).
6
Let r(z) = -z**3 - 6*z**2 + z. Let d(c) = 55*c**2 + 1. Let g be d(-1). Let j = -62 + g. Give r(j).
-6
Suppose -4*z = 2 - 14. Let u(f) = 0*f**z - 4*f**2 + 2 - 2*f**3 + 3*f**3. Suppose 11 - 13 = 4*o + 2*c, o = -3*c - 18. Give u(o).
-7
Let r(s) be the first derivative of -s**4/4 + 7*s**3/3 + 13*s**2/2 + 4*s - 410. Give r(9).
-41
Let u(q) = -2*q + 18. Let n = 559 - 551. What is u(n)?
2
Suppose 0 = -4*f + p - 19, 100*p = 103*p + 15. Let g(s) = 5*s + 8. Let v(x) = 6*x + 9. Let c(h) = -5*g(h) + 4*v(h). What is c(f)?
2
Let h(b) = 89*b + 3*b**2 + 3 - 39*b - b**3 - 47*b. Give h(4).
-1
Let u(b) = 1099 + 1097 + b - 2200. What is u(4)?
0
Let a(o) = 5*o**2 - 7*o + 5. Let y(n) = -2*n**2 + n + 1. Let p(r) = -a(r) - 2*y(r). Determine p(5).
-7
Let n = -209 + 212. Let s(x) = -2*x**2 + 3*x - 3. What is s(n)?
-12
Let y(n) = 28*n**2 + n. Let x be y(-1). Let t(z) = -19*z**2 + x*z**2 + 5 - z**3 - 13*z**2. Determine t(-5).
5
Let a(j) = 100*j - 202*j + 101*j - 6*j**2 - 11 + 1 + 1 + j**3. Calculate a(7).
33
Suppose 29 = -2*b + 5*p, 13 = -4*b + p - 0*p. Let u(l) = 2*l**2 + 3. Give u(b).
11
Let f(v) be the third derivative of v**5/60 + 5*v**4/8 - v**3/6 - 25*v**2 + 5*v. What is f(-14)?
-15
Let w(b) = -b + 9. Let c be w(5). Let x(y) = -y**2 + y + 13. Let f be x(c). Let q(z) = -7*z**3 - z**2 + 1. Determine q(f).
-7
Let o(i) = 5*i - 12. Let m(j) = -9*j + 24. Let d(q) = -3*m(q) - 5*o(q). Let a = 112 - 104. Determine d(a).
4
Let i(w) = 5*w**3 + 20*w**2 - 19*w - 21. Let o(m) = 3*m**3 + 20*m**2 - 19*m - 21. Let p(k) = 2*i(k) - 3*o(k). Calculate p(19).
21
Let r = 2 - 0. Suppose -13 = -5*d - 2*n + 16, r*d - 23 = 3*n. Let j = 6 - d. Let c(b) = 2*b**3 - 1. Calculate c(j).
-3
Let a(k) be the third derivative of -k**7/840 + k**6/45 + k**5/60 - 5*k**4/12 - 7*k**3/6 + 5*k**2. Let y(v) be the first derivative of a(v). What is y(8)?
6
Suppose 5*k + 230 = -2*v, 19 = 5*k + 4*v + 249. Let r = k - -44. Let a(b) = 2*b**3 + b**2 + 1. What is a(r)?
-11
Let q(x) = 2*x - 11. Let g be q(6). Let n(f) = -4*f**2 + 0*f + f - 7 + 15 + 2*f**2 - 9. What is n(g)?
-2
Let m(n) = -n**2 - 2*n - 5. Suppose -5*c + 3*v + 131 = -37, 4*v = 2*c - 70. Suppose 0 = 3*o - 72 + c. Let u = 9 - o. Determine m(u).
-13
Let y(b) = -2*b. Let h be y(2). Let s be 1 + (3 + -2)*h. Let r(l) be the first derivative of -l**4/4 - 2*l**3/3 - l**2 - 2*l - 3. Determine r(s).
13
Let d(k) be the third derivative of k**4/24 - 5*k**3/3 + 441*k**2. Calculate d(4).
-6
Let l(t) be the second derivative of -t**5/20 - t**4/2 - 7*t**3/6 - 5*t**2/2 - 4*t. Suppose -f - 3 = 0, 5*k + 0*f + 4*f + 37 = 0. Determine l(k).
5
Let s(u) = -u**3 - 21*u**2 + 4*u + 32. Let q(d) = -d**2 - 2*d + 2. Let b(v) = 6*q(v) - s(v). Give b(-16).
-20
Let g = 108 - 104. Let c(m) = 8*m**2 - 3*m + 4. Let q(x) = 7*x**2 - 2*x + 3. Let s(h) = g*q(h) - 3*c(h). What is s(1)?
5
Let d(i) = 2 - 7*i**2 - i + 2 - i**3 - 1 - 2. Suppose -12 = -5*u + 4*u. Let q be 3*(-14)/u*2. What is d(q)?
8
Suppose -97 = -7*z + 85. Let l be (-11)/33 + z/6. Let v(o) = -o**2 + 4*o. Calculate v(l).
0
Let z = 103 - 99. Suppose -8 + 32 = v + 5*y, -y + 20 = 4*v. Let a(n) = n - z*n - v*n + 5*n. What is a(-1)?
2
Let g(k) = k - 5. Suppose -3*x + 133 = 4*n - 85, -5*n + x = -282. Suppose -n*v + 62*v - 48 = 0. Calculate g(v).
3
Let p(j) = -j + 8. Let m be (14/3)/((-10)/(-75)). Let c = m - 29. Give p(c).
2
Suppose 20*a = 5*f + 16*a + 14, 5*f - 3*a = -13. Let t(q) = q**3 + 3*q**2 + q - 2. Calculate t(f).
0
Suppose 3*w + 2*s + 8 = 0, -9 + 1 = -2*w + 2*s. Let u(d) = d + 1. Let j(v) = -3 + 7*v - 2 + 1 + 7. Let q(y) = -j(y) + 6*u(y). Determine q(w).
3
Let q(n) = -989*n - 1 + n**2 - 2 + 991*n. What is q(-4)?
5
Let y = -38 - -45. Let w = 10 - y. Let a(k) = -k**3 + 5*k**2 - 3*k + 1. Determine a